8
What is the remainder when 644 is divided by 110?
94
Calculate the remainder when 1532 is divided by 32.
28
Calculate the remainder when 6700 is divided by 2954.
792
Calculate the remainder when 177113 is divided by 43.
39
What is the remainder when 36513 is divided by 777?
771
What is the remainder when 1313 is divided by 195?
143
What is the remainder when 1770645 is divided by 132?
129
What is the remainder when 1285 is divided by 407?
64
What is the remainder when 374 is divided by 185?
4
What is the remainder when 134369 is divided by 90?
89
Calculate the remainder when 42516 is divided by 5.
1
What is the remainder when 46471 is divided by 35?
26
What is the remainder when 634295 is divided by 12?
11
What is the remainder when 39969 is divided by 19981?
7
What is the remainder when 60679 is divided by 328?
327
Calculate the remainder when 26976 is divided by 223.
216
Calculate the remainder when 4188 is divided by 140.
128
Calculate the remainder when 1293 is divided by 64.
13
What is the remainder when 2159480 is divided by 338?
336
Calculate the remainder when 384324 is divided by 2402.
4
Calculate the remainder when 2205 is divided by 655.
240
What is the remainder when 3583 is divided by 3316?
267
Calculate the remainder when 10410 is divided by 756.
582
What is the remainder when 4137 is divided by 675?
87
Calculate the remainder when 19673 is divided by 19657.
16
Calculate the remainder when 2463 is divided by 72.
15
Calculate the remainder when 3851 is divided by 955.
31
Calculate the remainder when 15724 is divided by 143.
137
Calculate the remainder when 822956 is divided by 720.
716
Calculate the remainder when 2291 is divided by 2143.
148
Calculate the remainder when 1031 is divided by 1014.
17
What is the remainder when 2928450 is divided by 92?
90
Calculate the remainder when 4855 is divided by 439.
26
What is the remainder when 81760 is divided by 67?
20
What is the remainder when 43671 is divided by 91?
82
Calculate the remainder when 12729 is divided by 3180.
9
Calculate the remainder when 4194 is divided by 281.
260
Calculate the remainder when 2425 is divided by 488.
473
Calculate the remainder when 43097 is divided by 188.
45
Calculate the remainder when 17083 is divided by 255.
253
What is the remainder when 572063 is divided by 677?
675
Calculate the remainder when 150005 is divided by 308.
9
What is the remainder when 190909 is divided by 17?
16
What is the remainder when 3011088 is divided by 17?
14
What is the remainder when 2607 is divided by 565?
347
What is the remainder when 43119 is divided by 21511?
97
What is the remainder when 2827 is divided by 204?
175
What is the remainder when 1202 is divided by 566?
70
What is the remainder when 3576 is divided by 580?
96
Calculate the remainder when 635 is divided by 11.
8
What is the remainder when 312072 is divided by 95?
92
What is the remainder when 5258 is divided by 5210?
48
Calculate the remainder when 421096 is divided by 210543.
10
Calculate the remainder when 6670 is divided by 146.
100
What is the remainder when 3907 is divided by 782?
779
Calculate the remainder when 101075 is divided by 12.
11
What is the remainder when 101353 is divided by 4605?
43
Calculate the remainder when 35999 is divided by 387.
8
Calculate the remainder when 789 is divided by 145.
64
What is the remainder when 1711 is divided by 195?
151
Calculate the remainder when 856177 is divided by 13.
10
Calculate the remainder when 2417 is divided by 276.
209
What is the remainder when 64253 is divided by 13?
7
What is the remainder when 718145 is divided by 99?
98
Calculate the remainder when 172967 is divided by 191.
112
Calculate the remainder when 5501 is divided by 29.
20
Calculate the remainder when 4900 is divided by 79.
2
What is the remainder when 9023 is divided by 1126?
15
Calculate the remainder when 26173 is divided by 8470.
763
Calculate the remainder when 1671 is divided by 829.
13
Calculate the remainder when 126399 is divided by 12636.
39
What is the remainder when 2682 is divided by 106?
32
Calculate the remainder when 277690 is divided by 12.
10
Calculate the remainder when 71344 is divided by 6485.
9
What is the remainder when 11863 is divided by 54?
37
Calculate the remainder when 845 is divided by 394.
57
What is the remainder when 752236 is divided by 1422?
1420
Calculate the remainder when 13866 is divided by 4617.
15
What is the remainder when 36051 is divided by 422?
181
What is the remainder when 49876 is divided by 306?
304
What is the remainder when 868 is divided by 57?
13
What is the remainder when 3895 is divided by 1768?
359
Calculate the remainder when 576139 is divided by 7.
4
What is the remainder when 419510 is divided by 114?
104
Calculate the remainder when 3240 is divided by 230.
20
What is the remainder when 1719 is divided by 119?
53
Calculate the remainder when 4616 is divided by 1146.
32
What is the remainder when 71595 is divided by 1101?
30
Calculate the remainder when 149686 is divided by 408.
358
Calculate the remainder when 10441 is divided by 95.
86
What is the remainder when 714 is divided by 179?
177
Calculate the remainder when 7304 is divided by 3.
2
What is the remainder when 31306 is divided by 213?
208
What is the remainder when 86648 is divided by 34?
16
Calculate the remainder when 9824 is divided by 7.
3
Calculate the remainder when 96528 is divided by 40.
8
What is the remainder when 14554 is divided by 1453?
24
What is the remainder when 22832 is divided by 41?
36
What is the remainder when 1411935 is divided by 18?
15
Calculate the remainder when 255708 is divided by 2263.
2252
What is the remainder when 118531 is divided by 2891?
0
What is the remainder when 5422 is divided by 381?
88
What is the remainder when 55577 is divided by 584?
97
What is the remainder when 15028 is divided by 24?
4
Calculate the remainder when 9421 is divided by 3139.
4
What is the remainder when 6257 is divided by 297?
20
What is the remainder when 5917 is divided by 2879?
159
What is the remainder when 35866 is divided by 1668?
838
What is the remainder when 41063 is divided by 4106?
3
Calculate the remainder when 1049022 is divided by 30.
12
What is the remainder when 14689 is divided by 70?
59
Calculate the remainder when 70413 is divided by 35200.
13
What is the remainder when 197 is divided by 108?
89
What is the remainder when 1762 is divided by 13?
7
What is the remainder when 101156 is divided by 47?
12
Calculate the remainder when 63137 is divided by 12627.
2
Calculate the remainder when 7444 is divided by 121.
63
Calculate the remainder when 34735 is divided by 34710.
25
What is the remainder when 9440 is divided by 54?
44
Calculate the remainder when 195733 is divided by 39.
31
What is the remainder when 7373 is divided by 59?
57
Calculate the remainder when 122574 is divided by 20.
14
What is the remainder when 15623 is divided by 539?
531
Calculate the remainder when 24237 is divided by 48.
45
Calculate the remainder when 88854 is divided by 2613.
12
Calculate the remainder when 9973 is divided by 251.
184
Calculate the remainder when 8303 is divided by 18.
5
Calculate the remainder when 8346 is divided by 73.
24
What is the remainder when 225896 is divided by 11?
0
Calculate the remainder when 821 is divided by 436.
385
What is the remainder when 91231 is divided by 553?
539
Calculate the remainder when 205124 is divided by 308.
304
Calculate the remainder when 6810 is divided by 610.
100
What is the remainder when 18845 is divided by 3745?
120
Calculate the remainder when 275701 is divided by 13.
10
What is the remainder when 103320 is divided by 101?
98
What is the remainder when 4679 is divided by 7?
3
What is the remainder when 528549 is divided by 550?
549
What is the remainder when 94188 is divided by 380?
328
What is the remainder when 16031 is divided by 15970?
61
Calculate the remainder when 25601 is divided by 97.
90
What is the remainder when 91687 is divided by 5086?
139
Calculate the remainder when 62186 is divided by 227.
215
What is the remainder when 4080 is divided by 581?
13
What is the remainder when 3550 is divided by 2998?
552
Calculate the remainder when 133843 is divided by 858.
853
Calculate the remainder 